s of o?
2, 3
Let l(j) = -j**3 - 3*j**2 - 4*j - 4. What are the prime factors of l(-6)?
2
Let q = 5 - -17. What are the prime factors of q?
2, 11
Suppose -2*o + 2*p + 1 = 13, 0 = 4*p - 8. Let m(j) = -5*j - 5. Let u be m(o). Let n = -9 + u. What are the prime factors of n?
2, 3
Let u(j) = j**3 + 6*j**2 + j - 6. What are the prime factors of u(-4)?
2, 11
Suppose -37*u - 820 = -41*u. What are the prime factors of u?
5, 41
Let o(r) = 6*r - 12. Suppose q + 6 = -3*j, -4*j = -q + 17 + 5. What are the prime factors of o(q)?
2, 3
Let l = 32 - -11. List the prime factors of l.
43
Suppose 3*w + 198 = 2*c + 3*c, 4*w = 3*c - 110. Suppose 3*m - c - 3 = 0. What are the prime factors of m?
3, 5
Let d be (12/(-15))/(2/(-40)). Suppose 8 = -3*b + l, -b + 5*l = 2*b + d. List the prime factors of (b + 1)/(2/(-28)).
2, 7
List the prime factors of 4*2*26/8.
2, 13
Let u be ((-36)/(-30))/(3/(-10)). Let x = -1 - u. What are the prime factors of x?
3
Suppose 4*u + 78 = 7*u. List the prime factors of u.
2, 13
Suppose 3*j - 21 = -3*g, 4*g + 9 = 2*j + 25. Suppose 3*x - 75 = 5*b, -j*b + 5*b - 5*x = -29. List the prime factors of (-1)/3 - 294/b.
2
Suppose -3*o + 4*i + 19 = 0, o + 3*o - 5*i = 24. Let s be ((o - 1) + 3)/1. Suppose s*f = 45 - 15. List the prime factors of f.
2, 5
Suppose -11 = -3*g + 4. List the prime factors of g.
5
Let h be -20*(-2)/4*1. Suppose 2*s + 9 = 5*d + 54, -3*s - 4*d + h = 0. List the prime factors of s.
2, 5
Let b = 44 - 15. List the prime factors of b.
29
Suppose 4*b + 2*f - 126 = 0, 4*b + f - 93 = b. What are the prime factors of b?
2, 3, 5
Suppose 5*q + 4*w = 47, 5*q = -5*w + 58 - 8. What are the prime factors of q?
7
Suppose x - 3 + 0 = 0. Let u = 41 - 20. Suppose u + 9 = x*g. What are the prime factors of g?
2, 5
What are the prime factors of (1 + 0)*136 + 1?
137
Suppose 14 + 14 = -4*t. Let z = 9 + -7. Let f = z - t. List the prime factors of f.
3
Suppose f - i = 3*i + 45, 0 = -4*i - 20. Suppose 2*j - 5*j + 70 = 2*r, -5*r = -f. What are the prime factors of j?
2, 5
Suppose -5*g - 10 = 0, n + 132 = 3*n + 5*g. What are the prime factors of n?
71
Let p be (-2)/(1 + 3)*40. Let v = p - -30. Suppose -8 = -3*c + v. List the prime factors of c.
2, 3
Suppose -27 - 17 = -4*n. List the prime factors of n.
11
Let n = -74 + 182. What are the prime factors of n?
2, 3
Let r(t) = t**2 + 6*t - 5. Let u be r(-6). List the prime factors of (u/(-15))/(2/174).
29
Suppose -2*o = 2*y + 2*o - 108, 5*y - o = 226. Suppose -4*m + h + y = -4*h, 0 = -5*m + 4*h + 62. What are the prime factors of m?
2, 7
Let n be -7*((-384)/28)/4. Let b(k) = -3*k. Let z be b(5). Let f = z + n. What are the prime factors of f?
3
Let h = 429 + -235. What are the prime factors of h?
2, 97
Suppose 0 = -3*f - t + 331, 0 = -2*f - 0*t + 5*t + 198. List the prime factors of f.
109
What are the prime factors of ((-125)/(-2))/(5/(-60)*-6)?
5
Suppose -457 - 1088 = -5*q. What are the prime factors of q?
3, 103
Suppose -2*z + 9 = -2*b - b, -14 = -5*z - b. Suppose 6 = -z*a - 12. List the prime factors of ((-2)/6)/(a/198).
11
Suppose -21 = -5*f + i, 3*i + 0*i = f - 7. List the prime factors of f/(-14) + (-114)/(-7).
2
Suppose -5*t + 28 = 3. Suppose -t*u + 39 = 2*j, u - 3*j = 2*j - 3. Suppose b - u = 2. List the prime factors of b.
3
Let t = -19 + 34. Let h = -27 + t. Let x = h + 27. What are the prime factors of x?
3, 5
Let k = 4 - -6. Let f = k + -6. Suppose -f*c = -3*d - 17, -5*c + 5*d - 3 = -28. What are the prime factors of c?
2
Suppose i - 3*z = 20, 4*z + 3 = 3*i - 32. Suppose -5*x - 3*t + 36 + 19 = 0, 3*x - i*t = 33. What are the prime factors of x?
11
Let l(h) = 2*h**2 + 4*h + 6. Suppose 0 = 2*v + 2*v + 16. List the prime factors of l(v).
2, 11
Let f(n) be the second derivative of -n**4/6 + 5*n**3/6 + 3*n**2/2 + n. Let j be f(5). List the prime factors of (-48)/j + (-2)/11.
2
Let a(p) = 2*p**3 + 2*p**2 - 10*p + 6. List the prime factors of a(5).
2
Let w = 80 + 100. What are the prime factors of w?
2, 3, 5
Suppose 0 = 2*h + 85 - 327. List the prime factors of h.
11
Let a(q) = q**3 - 4*q**2 + q - 5. Let k be a(4). List the prime factors of (k - -4 - -46) + 4.
53
What are the prime factors of (3 - 2280/(-21)) + (-12)/(-28)?
2, 7
Suppose -4*u + 123 = -u. What are the prime factors of u?
41
Let s = -52 - -37. Let p = -11 - s. List the prime factors of p.
2
List the prime factors of (-30)/((36/8)/(-3)).
2, 5
Let r(i) = -i**3 - 11*i**2 - 9*i + 10. Let n = 5 + -15. Let g be r(n). Suppose g = u - 7. List the prime factors of u.
7
Let l(x) = 2*x**2 - 7*x - 1. Suppose h + 15 = 4*h. Let q be l(h). Let a = q + 5. List the prime factors of a.
19
Suppose 39*o - 56 = 37*o. What are the prime factors of o?
2, 7
Let s(f) = 51*f**2 + 21*f + 21. Let p(u) = -5*u**2 - 2*u - 2. Let t(b) = -21*p(b) - 2*s(b). What are the prime factors of t(-2)?
2, 3
Let v(n) = n**2 - 3*n - 3. List the prime factors of v(-4).
5
Let a(t) = 19*t**2 - 2*t - 3. Let h be a(-3). What are the prime factors of (-2)/4 + h/12?
2, 7
Let y be 1/(-4) + 119/28. Suppose -2*h - 4 = -y*h. List the prime factors of h.
2
Let n be 3/(12 - 3)*9. Suppose -5*y - n = -23. List the prime factors of y.
2
Let h(c) = -c**3 + 9*c**2 - 4*c + 3. What are the prime factors of h(7)?
73
Let s(a) = a - 2. Let c be s(5). Suppose -c*u + 3*q - 2 = 2*u, 4*u - 12 = -q. Suppose -u*z + 8 = 2. What are the prime factors of z?
3
Let j = 56 - -4. What are the prime factors of j?
2, 3, 5
Suppose -b - 2*b - 27 = -u, 5*u - 70 = 2*b. Suppose -3*o = -0*o - u. Suppose w - s - 13 = 0, 2*w + 3*w - 63 = o*s. What are the prime factors of w?
11
Let w(g) = -4*g**3 + 2*g**3 + 12 + g**3 + 10*g**2. Suppose -5*l + 62 - 12 = 0. List the prime factors of w(l).
2, 3
Let z(f) = -12*f - 12. List the prime factors of z(-4).
2, 3
Let q(u) be the first derivative of -u**4/4 + 11*u**3/3 + 7*u**2 - 15*u - 5. What are the prime factors of q(12)?
3
Suppose 7*y - 2*f = 2*y + 352, -3*y = -4*f - 200. List the prime factors of y.
2, 3
Let k be (13/3)/(1/(-3)). Let v = k + 21. List the prime factors of 1/1 + v - -1.
2, 5
List the prime factors of (-8)/4 + 10 + -2.
2, 3
Let z(l) = l - 3. Let k be 27/6*8/6. What are the prime factors of z(k)?
3
Let s = 13 - 10. What are the prime factors of s?
3
Let c(q) = -2*q - 6. Let a be c(-5). Let r = -10 + a. List the prime factors of ((-2)/2)/(r/36).
2, 3
Let k = 99 - 62. List the prime factors of k.
37
Let u be 3/(-6)*12/(-3). List the prime factors of (-2)/(-4)*u - -2.
3
Let b = 13 - 5. Suppose -a - 5*d + b = 0, 3*d + 0 = 2*a - 3. Suppose -1 = -2*o - a*x - 3, 4*x + 26 = 2*o. List the prime factors of o.
5
Let t = -12 + 20. Let v(x) = -5*x + 6*x - 5 + 0*x. List the prime factors of v(t).
3
Let n(k) = -k + 1. Let c be n(5). List the prime factors of 0 - 1 - (c + -34).
37
Let c(y) = y**3 - 4*y**2 - 7*y + 4. What are the prime factors of c(6)?
2, 17
Let p(t) = 3*t**3 - 17*t**2 - 2*t. List the prime factors of p(7).
2, 7, 13
Let a be -3 + 2*2/4. List the prime factors of (a/3)/(1/(-12)).
2
Let i(x) be the third derivative of -x**5/60 + x**4/24 + 7*x**3/6 - x**2. Suppose -k = -0 + 2, 5*k = 4*n - 10. What are the prime factors of i(n)?
7
Let h(f) = f**3 + 8*f**2 + 4*f + 7. Let k be h(-7). Suppose 0 = -0*r + 2*r - k. List the prime factors of r.
2, 7
Suppose 5*y - 25 = 2*v, 0 = -2*y + 3*v - 0*v + 21. Suppose y*w = -w + 20. Suppose 0 = -w*k + 3*a + 11 + 7, -4*a = 4. What are the prime factors of k?
3
Let v(f) = 29*f - 40. What are the prime factors of v(13)?
337
Suppose -57 - 18 = -5*s. Let u = 21 - s. Suppose -k = -0*k - u. List the prime factors of k.
2, 3
Let k(d) = -d**2 - 5*d - 2. Let w be k(-2). Suppose 3*f + 3 = 4*f - g, -4*g - 12 = w*f. Suppose 3*x - 15 = -f*x. What are the prime factors of x?
5
Let f = -6 - -2. Suppose -2*i = k - 17, 0 = 3*k - 5*i + 9 - 49. Let r = k + f. List the prime factors of r.
11
Suppose 3 = 3*c + v, 15 = 3*c - 2*v - v. Suppose 3*i - 2*y + 1 - c = 0, -y = -1. Let b(s) = 6*s**3 + s**2 + s - 1. What are the prime factors of b(i)?
7
List the prime factors of -1*3*(-6 - (-232)/(-12)).
2, 19
Suppose y = -b + 21, -b + 57 = y + 2*y. List the prime factors of y.
2, 3
Let d(q) = -q**2 + 17*q - 1. Let h(m) = -m**2 + 16*m - 2. Let w(z) = -3*d(z) + 4*h(z). List the prime factors of w(12).
7
Let b(g) = -g**3 + 3*g**2 + g + 4. Let k(x) = -x**2 - 2*x + 3. Let m 